6*a**2 - 7*a + 3. Let w be (30/(-135))/((-1)/9). Let s = 3 - 6. Let n(r) = r**3 + 5*r**2 - 6*r + 2. Let y(u) = s*n(u) + w*c(u). Give y(3).
12
Let b(p) = 5*p - 5. Let r(w) = -w**3 - 28*w**2 - 93*w + 68. Let k be r(-24). Calculate b(k).
-25
Let z(w) = -9*w - 19. Let i(t) = -t**3 + 2*t**2 + t + 1. Let v be i(3). Let s(p) = -14*p - 29. Let o(n) = v*s(n) + 8*z(n). Let b be 1*5/3*-3. What is o(b)?
3
Let f(m) = 4 + 12 - 3*m**2 - 10*m**2 - 5*m**2 + m**3 + 6*m**2. Give f(12).
16
Let i(s) = -3*s - 14. Let n(z) = 8*z + 42. Let r(d) = 11*i(d) + 4*n(d). Determine r(11).
3
Let y(r) = -r - 2. Let o(m) = -8*m + 1. Let j(h) = -o(h) + 4*y(h). Determine j(4).
7
Let w(b) = -10*b + 34. Let c be w(4). Let t(a) = a**3 - 8*a**2 - 7*a - 8. Let h(u) = -2*u**3 + 9*u**2 + 8*u + 8. Let y(x) = -2*h(x) - 3*t(x). Calculate y(c).
-22
Let t(j) = 7*j**2 - 21*j + 10. Let f(q) = -20*q**2 + 62*q - 31. Let l(h) = 6*f(h) + 17*t(h). Let c = 1978 + -1964. Give l(c).
-2
Let u(m) = 5*m - 1. Let h = 14 - -1. Let b = -16 + h. Give u(b).
-6
Let a(q) be the third derivative of q**7/840 + q**6/90 + q**5/120 + q**4/24 - 17*q**3/6 - 19*q**2. Let x(d) be the first derivative of a(d). Determine x(-4).
-3
Suppose 2*o = o + 3. Let c(h) = -1 - 3*h**3 + h**2 - h + 3*h**2 + 0*h**o + 4*h**3. Suppose -2*x - 16 = 2*x. Determine c(x).
3
Let j be (-2)/10 - (-16)/5. Let z(r) be the third derivative of 0 + 5/6*r**j + 0*r + 1/4*r**4 - 1/60*r**5 + 4*r**2. What is z(6)?
5
Let r(t) = -8*t + 1. Let w(p) = -2*p**3 + 14*p**2 + 9*p - 3. Let j be w(7). Let q = 61 - j. Give r(q).
-7
Suppose -3*f = -6*i + 4*i + 487, -3*i - 5*f = -702. Let p(m) = 0*m + i + m - 244. Determine p(0).
-5
Let z be (-3)/(4/(-4)) - 1. Let p(b) = 0 - 28*b + 7*b + 4*b + 16*b + 4. Give p(z).
2
Suppose -2*s + d - 45 = -59, 3*s - 5*d = 35. Let l(a) be the first derivative of a**4/4 - 5*a**3/3 + a**2 - 6*a - 1. Give l(s).
4
Let m(s) = -2*s**2 + 3*s + 3. Let v(t) = 4*t - 26. Let x be v(6). What is m(x)?
-11
Suppose 3*g - 18 = 72. Suppose 7*v - 2*v - g = 0. Let m(d) = -v + 0*d**2 - 41*d + 42*d - d**2. Give m(0).
-6
Let z = 7 + 1. Let p be ((-18)/(-4))/(6/z). Let r(v) = -v + 4 - 2 - p. Determine r(-3).
-1
Let v = 135 + -133. Let f(a) = 3*a**v - 3*a + 335 - 335. What is f(2)?
6
Let i(f) = f**3 - f**2. Let d(t) = 4*t**3 + 2*t**2 + 7*t - 5. Let q(k) = d(k) - 5*i(k). Suppose -s + 27 = -31*v + 35*v, -v - 4*s - 12 = 0. Give q(v).
-13
Let s = 85 - 50. Suppose 3*m = 3*t - 27, m - 12 + s = 3*t. Let k be (7/t)/(3 + -2). Let d(l) = l**2 - 2*l + 1. Give d(k).
0
Let k(t) = -t + 2. Let p(v) = -v + 3. Let h be p(3). Suppose h = 5*c - 6*c + 5. Let q be k(c). Let z(w) = w + 2. What is z(q)?
-1
Let o(y) = -y**2 - 3*y + 3. Let j be ((-1)/2)/((-1)/(-6)). Let a = 63 - 66. Let l be (a + j)/((-6)/(-4)). What is o(l)?
-1
Suppose -36 = 12*p - 9*p. Let b be 50/12 + 2/p. Let d(t) = t - 5. Give d(b).
-1
Let z(i) = -7*i + 10. Let l(g) = 14*g - 20. Let k(r) = -3*l(r) - 5*z(r). Determine k(2).
-4
Suppose 0 = 3*f + 2*f - 10. Let s(a) = -a + 1. Let w(t) = -10*t + 8. Let j(b) = -18*s(b) + 2*w(b). Determine j(f).
-6
Let n = 1234 - 1218. Let l(s) = s**2 - 16*s - 7. Determine l(n).
-7
Suppose -c + 2*s - 5 = 0, 2*c + 70 = -c - 5*s. Let z = -10 - c. Let a be 93/15 + (-1)/z. Let j(i) = -i**3 + 5*i**2 + 5*i - 3. Calculate j(a).
-9
Let f(w) = -2*w. Let h(t) = 12*t. Let m(p) = -5*f(p) - h(p). Determine m(7).
-14
Let t be 2 - 12/((-6)/3). Let c = 96 - 85. Let p = t - c. Let q(h) = h**3 + 4*h**2 + 2*h. Calculate q(p).
3
Let w(h) = -6*h. Suppose 48 = -4*x + 56. Let v(s) = -31*s + 1. Let n(c) = x*v(c) - 11*w(c). Determine n(3).
14
Suppose -n + 9*n = 16. Let a(p) = -1 - 3*p - n - 7 + 5. Suppose m + 0 = 4, -m = -2*r - 12. Determine a(r).
7
Let d(l) = -3*l**3 + 2*l**3 + 0*l**2 + 3*l**2 + 3*l. Let c(h) = 3*h**2 - 158*h - 49. Let a be c(53). What is d(a)?
-4
Let g(r) be the third derivative of -r**4/12 + r**3 - 23*r**2. Let s be (-3)/(-7) + (-78)/(-14). What is g(s)?
-6
Suppose 0 = 3*k - 5*s - 60 + 39, 0 = 2*k + 3*s - 14. Let j(p) = p**3 - 7*p**2 + p - 4. Determine j(k).
3
Let c = -18 + 21. Let q(n) = -n**3 + 4*n**2 - n + 2. Give q(c).
8
Let n be 4/(-3 + 4/2). Let z = 10 + n. Let i(y) = -6 - 45*y**3 + 3 - 5*y**2 + 46*y**3 - 6*y. Calculate i(z).
-3
Let g(t) be the first derivative of -t**4/4 + 5*t**3/3 - t**2 + 2*t - 165. Give g(4).
10
Let o(c) = 10*c**3 + 14*c**2 + 22*c - 6. Let q(z) = 3*z**3 + 5*z**2 + 7*z - 2. Let m(s) = -2*o(s) + 7*q(s). Suppose -7*d + 10*d = -18. Calculate m(d).
4
Let q be (-55)/(-10) + 21/(-14). Let n(f) = f**2 - 4*f - 1. Determine n(q).
-1
Let x(f) = 5*f**3 + 7*f**2 - 6*f + 16. Let u = 49 + -44. Let t(q) = -4*q**3 - 6*q**2 + 5*q - 15. Let h(p) = u*x(p) + 6*t(p). Let s be 2/2 + 0 + -1. Give h(s).
-10
Let i(r) be the third derivative of -r**4/3 - r**3/3 + 2*r**2. Let b = -66 + 40. Let s = 24 + b. Calculate i(s).
14
Let f = -118 - -142. Suppose -7*o - o + f = 0. Let k(g) = g**3 - 2*g**2 - 3*g - 4. Calculate k(o).
-4
Let x(c) = c**3 + 5*c**2 - 13*c - 42. Let w be x(-6). Let u(a) = 1. Let t(g) = g**2 + g + 1. Let o(i) = -t(i) - 4*u(i). What is o(w)?
-5
Suppose s + 5*z = -5 - 11, -3*z - 20 = -2*s. Let p be s/20 + (-6)/5 + -2. Let w(l) = l**3 + 3*l**2 - l. Calculate w(p).
3
Let y(k) = 0*k - k + 0*k + 44 - 38. Give y(9).
-3
Suppose -8*r - 6 = -11*r. Let j = r + 1. Let z(g) = 2*g**3 + 9 - j - 4*g**3 + 5*g**2 - 6*g + 3*g**3. Calculate z(-6).
6
Let z be -1*(1/(-1))/1. Let c(a) = -29*a**3 + 39*a + 11. Let l(x) = 6*x**3 - 7*x - 2. Let d(q) = -2*c(q) - 11*l(q). Determine d(z).
-9
Let g be 28 + -21 - (-1 + 5). Suppose 0 = g*k - k - 8. Let m(c) = 1 - 15*c + 2 - k + 19*c. Determine m(1).
3
Let a(m) = -2*m**2. Let d(c) = 3*c**2 - 3*c - 3. Let n(j) = -2*a(j) - d(j). Determine n(-5).
13
Let q = -28 - -19. Let o = q - 3. Let i = o - -18. Let f(k) = -k**3 + 5*k**2 + 7*k - 8. Determine f(i).
-2
Suppose -3*c + 46 = 28. Let o(t) = 1. Let v(b) = b**2 + 7*b - 1. Let n(a) = c*o(a) + v(a). Calculate n(-7).
5
Suppose 11*t = 4*t. Let s(c) = -c**3 - c**2 + c + 11. What is s(t)?
11
Let j(m) be the first derivative of m**4/12 - 2*m**3/3 + 3*m**2/2 - 7*m - 2. Let f(v) be the first derivative of j(v). Determine f(3).
0
Let b(c) = c**2 - 10*c + 1. Let t(k) = -39*k + 86. Let i be t(2). Calculate b(i).
-15
Let i(a) = 47*a + 5 + 50*a - a**3 - 90*a - 8*a**2. Determine i(-9).
23
Let c = 4 + 2. Let g be 2/2 - (-1 - 2). Let m(j) = 3*j**2 + g*j**2 + j - c*j**2. Give m(1).
2
Let t be (-24)/144*15*-1. Let b(y) be the first derivative of -t*y**2 - 6 - 6*y. What is b(-4)?
14
Let j(l) = -l**2 - 3*l - 3. Suppose 0 = 4*n + o + 156, -43 = 2*n - 4*o + 53. Let f = 43 + n. Calculate j(f).
-21
Let w(o) be the second derivative of 3*o**5/10 - o**4/12 + 227*o - 1. Suppose 0 = -0*d - 4*d - 4*t, 4*d - 8 = 4*t. Give w(d).
5
Let f(c) = c**2 + 8*c + 2. Let x(a) = a**3 - a**2 - 7*a - 5. Let g be x(3). What is f(g)?
2
Let c = -8 + 13. Let x = c + 0. Let v(u) = -x*u**2 + 5*u**2 + u**2 + 2*u**3. Calculate v(1).
3
Let m(z) be the third derivative of -z**5/120 + z**3/2 + 33*z**2. Let l(i) be the first derivative of m(i). What is l(-7)?
7
Let v(f) = -7*f**2 + 13 + 9*f**2 + 15*f + 13*f**2 + f**3. Give v(-14).
-1
Let i(r) = 6*r**2 - 6*r - 1. Let p(b) be the second derivative of -7*b**4/12 + b**3 + b**2 - 13*b. Let s(u) = -6*i(u) - 5*p(u). Calculate s(6).
-4
Let f(z) = -3*z + 5. Let k(h) = -1. Suppose -21 + 24 = -3*q. Let i(g) = q*f(g) - 2*k(g). Give i(-3).
-12
Let k(l) be the first derivative of l**4/4 - 5*l**3/3 + 2*l**2 - 7*l + 229. What is k(4)?
-7
Let p(s) = -s + 2. Let y(x) = -x. Let a(u) = -6*u + 3. Let m(v) = -a(v) + 4*y(v). Let j(z) = 4*m(z) + 3*p(z). What is j(5)?
19
Let o(b) be the first derivative of -17*b**2/2 - b - 16. What is o(-1)?
16
Let b(h) = h**2 + 4*h - 7. Let r be ((-630)/(-63))/(1*-1 + -1). What is b(r)?
-2
Let s = -16 + 21. Let d(g) be the third derivative of 1/60*g**5 + 0 - 1/4*g**4 + 0*g - 1/6*g**3 + 7*g**2. What is d(s)?
-6
Let t(r) = -r**3 - 2*r**2 - r + 8. Let o be t(0). Let y(p) = 5 + 12*p**2 - 22*p**2 + 11*p**2 - o*p. Let b(z) = z**2 - 5*z + 5. Let m be b(5). Give y(m).
-10
Let b(q) = 2*q + 11. Suppose -177*s = -166*s + 99. Calculate b(s).
-7
Let b(i) be the first derivative of -i**3/3 - 7*i - 19. What is b(0)?
-7
Let x(r) = r**2 + 2*r + 5. Let c(v) = -7*v**2 + 5*v - 3. Let z be c(1). Calculate x(z).
20
Suppose -3*x 